{"id":92,"date":"2010-04-14T13:39:02","date_gmt":"2010-04-14T12:39:02","guid":{"rendered":"http:\/\/www.walden-online.de\/WP\/?page_id=92"},"modified":"2024-09-18T09:38:22","modified_gmt":"2024-09-18T07:38:22","slug":"impressum","status":"publish","type":"page","link":"https:\/\/www.walden-online.de\/?page_id=92","title":{"rendered":"Impressum"},"content":{"rendered":"<h1><span style=\"font-size: medium;\">Walden Gewerbe Immobilien GmbH<br \/>\n<\/span><\/h1>\n<p><span style=\"font-size: medium;\">Gesch\u00e4ftsf\u00fchrer Alexander Walden<br \/>\nPostfach 570236<br \/>\n22771 Hamburg<\/span><\/p>\n<p><span style=\"font-size: medium;\">Tel.: + 49 40 494500<br \/>\nFax.: +49 40 496476<br \/>\nE-Mail: <a href=\"mailto:info@walden.li\">info(at)walden.li<\/a><\/span><\/p>\n<p><span style=\"font-size: medium;\">Gewerbeerlaubnis gem. \u00a7 34c GewO erteilt von dem Wirtschafts- und Ordnungsamt Hamburg Eimsb\u00fcttel, Grindelberg 66, 20144 Hamburg<\/span><\/p>\n<p><span style=\"font-size: medium;\">Handelsregister B 72409, Amtsgericht Hamburg<\/span><\/p>\n<h1><span style=\"font-size: medium;\">Inhalt der Internetpr\u00e4senz<\/span><\/h1>\n<p><span style=\"font-size: medium;\">Walden Gewerbe Immobilien GmbH \u00fcbernimmt keinerlei Gew\u00e4hr f\u00fcr die Aktualit\u00e4t, Korrektheit, Vollst\u00e4ndigkeit oder Qualit\u00e4t der bereitgestellten Informationen, Haftungsanspr\u00fcche gegen Walden Gewerbe Immobilien GmbH, welche sich auf Sch\u00e4den materieller oder ideeller Art beziehen, die durch die Nutzung oder Nichtnutzung der dargebotenen Informationen bzw. durch die Nutzung fehlerhafter und unvollst\u00e4ndiger Informationen verursacht wurden sind grunds\u00e4tzlich ausgeschlossen, sofern von Walden Gewerbe Immobilien GmbH kein nachweislich vors\u00e4tzliches oder grob fahrl\u00e4ssiges Verschulden vorliegt.<\/span><\/p>\n<p><span style=\"font-size: medium;\">Alle Angebote sind freibleibend und unverbindlich. Walden Gewerbe Immobilien GmbH beh\u00e4lt es sich ausdr\u00fccklich vor, Teile der Seiten oder das gesamte Angebot ohne gesonderte Ank\u00fcndigung zu ver\u00e4ndern, zu erg\u00e4nzen, zu l\u00f6schen oder die Ver\u00f6ffentlichung zeitweise oder endg\u00fcltig einzustellen.<\/span><\/p>\n<h2><span style=\"font-size: medium;\">Hinweis zur Problematik von externen Links<\/span><\/h2>\n<p><span style=\"font-size: medium;\">Walden Gewerbe Immobilien GmbH ist als Inhaltsanbieter f\u00fcr die \u201ceigenen Inhalte\u201c, die Walden Gewerbe Immobilien GmbH zur Nutzung bereith\u00e4lt, nach den allgemeinen Gesetzen verantwortlich.<\/span><\/p>\n<p><span style=\"font-size: medium;\">In dieser Internetpr\u00e4senz existieren Querverweise (\u201cLinks\u201c) auf von anderen Anbietern bereitgehaltene Inhalte. F\u00fcr diese fremden Inhalte ist Walden Gewerbe Immobilien GmbH nur dann verantwortlich, wenn Walden Gewerbe Immobilien GmbH von ihnen (d.h. auch von einem rechtswidrigen bzw. strafbaren Inhalt) positive Kenntnis hat und es Walden Gewerbe Immobilien GmbH technisch m\u00f6glich und zumutbar ist, deren Nutzung zu verhindern.<\/span><\/p>\n<p><span style=\"font-size: medium;\">Bei \u201cLinks\u201c handelt es sich allerdings stets um \u201clebende\u201c (dynamische) Verweisungen. Walden Gewerbe Immobilien GmbH hat bei der erstmaligen Verkn\u00fcpfung zwar den fremden Inhalt daraufhin \u00fcberpr\u00fcft, ob durch ihn eine m\u00f6gliche zivilrechtliche oder strafrechtliche Verantwortlichkeit ausgel\u00f6st wird, Walden Gewerbe Immobilien GmbH ist aber nicht dazu verpflichtet, die Inhalte, auf die Walden Gewerbe Immobilien GmbH innerhalb dieser Seiten verweist, st\u00e4ndig auf Ver\u00e4nderungen zu \u00fcberpr\u00fcfen, die eine Verantwortlichkeit neu begr\u00fcnden k\u00f6nnten. Erst wenn wir feststellen oder von anderen darauf hingewiesen werden, dass ein konkretes Angebot, zu dem wir einen Link bereitgestellt haben, eine zivil- oder strafrechtliche Verantwortlichkeit ausl\u00f6st, werden wir den Verweis auf dieses Angebot aufheben, soweit uns dies technisch m\u00f6glich und zumutbar ist. Die technische M\u00f6glichkeit und Zumutbarkeit wird nicht dadurch beeinflusst, dass auch nach Unterbindung des Zugriffs von unserer Homepage von anderen Servern aus auf das rechtswidrige oder strafbare Angebot zugegriffen werden kann.<\/span><\/p>\n<h2><span style=\"font-size: medium;\">Speicherung von Zugriffsdaten<\/span><\/h2>\n<p><span style=\"font-size: medium;\">Bei jeder Aufforderung einer Datei aus dieser Internetpr\u00e4senz werden Zugriffsdaten gespeichert. Jeder Datensatz besteht aus:<\/span><\/p>\n<p><span style=\"font-size: medium;\">&#8211;\u00a0\u00a0\u00a0\u00a0\u00a0\u00a0\u00a0\u00a0\u00a0\u00a0\u00a0 der Seite, von der aus die Datei angefordert wurde<br \/>\n&#8211;\u00a0\u00a0\u00a0\u00a0\u00a0\u00a0\u00a0\u00a0\u00a0\u00a0\u00a0 dem Namen der Datei<br \/>\n&#8211;\u00a0\u00a0\u00a0\u00a0\u00a0\u00a0\u00a0\u00a0\u00a0\u00a0\u00a0 dem Datum und Uhrzeit der Anforderung<br \/>\n&#8211;\u00a0\u00a0\u00a0\u00a0\u00a0\u00a0\u00a0\u00a0\u00a0\u00a0\u00a0 der \u00fcbertragenen Datenmenge<br \/>\n&#8211;\u00a0\u00a0\u00a0\u00a0\u00a0\u00a0\u00a0\u00a0\u00a0\u00a0\u00a0 dem Zugriffsstatus (Datei \u00fcbertragen, Datei nicht gefunden etc.)<br \/>\n&#8211;\u00a0\u00a0\u00a0\u00a0\u00a0\u00a0\u00a0\u00a0\u00a0\u00a0\u00a0 einer Beschreibung des Typs des verwendeten Webbrowsers<br \/>\n&#8211;\u00a0\u00a0\u00a0\u00a0\u00a0\u00a0\u00a0\u00a0\u00a0\u00a0\u00a0 Anfragende Domain<\/span><\/p>\n<p><span style=\"font-size: medium;\">Die gespeicherten Daten werden ausschlie\u00dflich zu statistischen\u00a0 Zwecken ausgewertet, eine Weitergabe an Dritte, auch in Ausz\u00fcgen, findet nicht statt.<\/span><\/p>\n<h2><span style=\"font-size: medium;\">Personenbezogene Daten<\/span><\/h2>\n<p><span style=\"font-size: medium;\">Innerhalb dieser Internetpr\u00e4senz besteht die M\u00f6glichkeit, uns personenbezogene Daten zu \u00fcbermitteln. \u201ePersonenbezogene Daten\u201c sind Informationen, die genutzt werden k\u00f6nnen, um Ihre Identit\u00e4t zu erfahren. Darunter fallen Informationen wie Ihr Name, Adresse, Postanschrift, Telefonnummer, eMail-Adresse.<\/span><\/p>\n<p><span style=\"font-size: medium;\">Hinsichtlich Ihrer personenbezogenen Daten weisen wir gem\u00e4\u00df \u00a7 33 BDSG darauf hin, dass diese nach Ma\u00dfgabe der abwendbaren Datenschutzbestimmungen gespeichert und\/oder \u00fcbertragen werden.<\/span><\/p>\n<p><span style=\"font-size: medium;\">Im \u00fcbrigen werden personenbezogene Daten absolut vertraulich behandelt und nur mit gesonderter Zustimmung an Dritte weitergeleitet.<\/span><\/p>\n<p><span style=\"font-size: medium;\">Wir weisen Sie ausdr\u00fccklich darauf hin, dass der Datenschutz in offenen Netzen wie dem Internet nach dem derzeitigem Stand der Technik nicht vollst\u00e4ndig gew\u00e4hrleistet werden kann.<\/span><\/p>\n<p><span style=\"font-size: medium;\">Wir wissen das Vertrauen zu sch\u00e4tzen, dass Sie uns entgegenbringen, und wenden \u00e4u\u00dferste Sorgfalt an, um Ihre pers\u00f6nlichen Angaben zu sch\u00fctzen. Wenn sie Fragen haben, k\u00f6nnen Sie sich auch direkt an uns wenden. Schreiben Sie an:<\/span><\/p>\n<p><a href=\"mailto:awalden@walden-online.de\"><span style=\"font-size: medium;\">info(at)walden.li<\/span><\/a><\/p>\n<h2><span style=\"font-size: medium;\">Urheber- und Kennzeichenrecht<\/span><\/h2>\n<p><span style=\"font-size: medium;\">Walden Gewerbe Immobilien GmbH ist bestrebt, die Urheberrechte der verwendeten Grafiken, Tondokumente, Videosequenzen und Texte zu beachten, selbst erstellte Grafiken, Tondokumente, Videosequenzen und Texte zu nutzen oder auf lizenzfreie Grafiken, Tondokumente, Videosequenzen und Texte zur\u00fcckzugreifen.<\/span><\/p>\n<p><span style=\"font-size: medium;\">Alle innerhalb des Internetangebotes genannten und ggf. durch Dritte gesch\u00fctzten Marken- und Warenzeichen unterliegen uneingeschr\u00e4nkt den Bestimmungen des jeweils g\u00fcltigen Kennzeichenrechts und den Besitzrechten der jeweiligen eingetragenen Eigent\u00fcmer. Allein aufgrund der blo\u00dfen Nennung ist nicht der Schluss zu ziehen, dass Markenzeichen nicht durch Rechte Dritter gesch\u00fctzt sind!<\/span><\/p>\n<p><span style=\"font-size: medium;\">Das Copyright f\u00fcr ver\u00f6ffentlichte, von Walden Gewerbe Immobilien GmbH selbst erstellte Objekte bleibt allein bei Walden Gewerbe Immobilien GmbH. Eine Vervielf\u00e4ltigung oder Verwendung solcher Grafiken, Tondokumente, Videosequenzen und Texte in anderen elektronischen oder gedruckten Publikationen ist ohne ausdr\u00fcckliche Zustimmung durch Walden Gewerbe Immobilien GmbH nicht gestattet.<\/span><\/p>\n<h2><span style=\"font-size: medium;\">Rechtswirksamkeit<\/span><\/h2>\n<p><span style=\"font-size: medium;\">Sofern Teile oder einzelne Formulierungen dieses Textes der geltenden Rechtslage nicht, nicht mehr oder nicht vollst\u00e4ndig entsprechen sollten, bleiben die \u00fcbrigen Teile in ihrem Inhalt und ihrer G\u00fcltigkeit davon unber\u00fchrt.<\/span><\/p>\n","protected":false},"excerpt":{"rendered":"<p>Walden Gewerbe Immobilien GmbH Gesch\u00e4ftsf\u00fchrer Alexander Walden Postfach 570236 22771 Hamburg Tel.: + 49 40 494500 Fax.: +49 40 496476 E-Mail: info(at)walden.li Gewerbeerlaubnis gem. \u00a7 34c GewO erteilt von dem Wirtschafts- und Ordnungsamt Hamburg Eimsb\u00fcttel, Grindelberg 66, 20144 Hamburg Handelsregister B 72409, Amtsgericht Hamburg Inhalt der Internetpr\u00e4senz Walden Gewerbe Immobilien GmbH \u00fcbernimmt keinerlei Gew\u00e4hr f\u00fcr &hellip; <\/p>\n<p class=\"link-more\"><a href=\"https:\/\/www.walden-online.de\/?page_id=92\" class=\"more-link\"><span class=\"screen-reader-text\">\u201eImpressum\u201c <\/span>weiterlesen<\/a><\/p>\n","protected":false},"author":1,"featured_media":0,"parent":0,"menu_order":25,"comment_status":"closed","ping_status":"closed","template":"","meta":{"footnotes":""},"class_list":["post-92","page","type-page","status-publish","hentry"],"_links":{"self":[{"href":"https:\/\/www.walden-online.de\/index.php?rest_route=\/wp\/v2\/pages\/92","targetHints":{"allow":["GET"]}}],"collection":[{"href":"https:\/\/www.walden-online.de\/index.php?rest_route=\/wp\/v2\/pages"}],"about":[{"href":"https:\/\/www.walden-online.de\/index.php?rest_route=\/wp\/v2\/types\/page"}],"author":[{"embeddable":true,"href":"https:\/\/www.walden-online.de\/index.php?rest_route=\/wp\/v2\/users\/1"}],"replies":[{"embeddable":true,"href":"https:\/\/www.walden-online.de\/index.php?rest_route=%2Fwp%2Fv2%2Fcomments&post=92"}],"version-history":[{"count":8,"href":"https:\/\/www.walden-online.de\/index.php?rest_route=\/wp\/v2\/pages\/92\/revisions"}],"predecessor-version":[{"id":359,"href":"https:\/\/www.walden-online.de\/index.php?rest_route=\/wp\/v2\/pages\/92\/revisions\/359"}],"wp:attachment":[{"href":"https:\/\/www.walden-online.de\/index.php?rest_route=%2Fwp%2Fv2%2Fmedia&parent=92"}],"curies":[{"name":"wp","href":"https:\/\/api.w.org\/{rel}","templated":true}]}}